{"id":1072,"date":"2024-10-18T09:31:58","date_gmt":"2024-10-18T09:31:58","guid":{"rendered":"http:\/\/www.ekimgecidibursa.com\/?page_id=1072"},"modified":"2024-10-18T12:45:43","modified_gmt":"2024-10-18T12:45:43","slug":"bursa-2024","status":"publish","type":"page","link":"https:\/\/www.ekimgecidibursa.com\/","title":{"rendered":"Bursa 2024"},"content":{"rendered":"ngg_shortcode_0_placeholder\n<p>CUMHUR\u0130YET\u0130N 101.YILI<\/p>\n<h1>EK\u0130M GE\u00c7\u0130D\u0130 BURSA<\/h1>\n<p><strong>23.YIL D\u0130S\u0130PL\u0130NLER ARASI SERG\u0130S\u0130<\/strong><\/p>\n<p><strong>15- 22 EK\u0130M 2024<\/strong><\/p>\n<p>&nbsp;<\/p>\n<p>DEVLET G\u00dcZEL SANATLAR GALER\u0130S\u0130 \u2013 HEYKEL \/ BURSA<\/p>\n<p><strong>Bas\u0131n B\u00fclteni<\/strong><\/p>\n<p>&#8212;&#8212;&#8212;&#8212;&#8212;&#8212;&#8212;&#8212;&#8212;&#8212;&#8212;&#8212;&#8212;&#8212;&#8212;&#8212;&#8212;&#8212;&#8212;&#8212;&#8212;&#8212;&#8212;&#8212;&#8212;&#8212;&#8212;&#8212;&#8212;&#8212;&#8212;&#8212;&#8212;&#8212;&#8212;&#8212;&#8212;&#8211;<\/p>\n<p><strong>EK\u0130M GE\u00c7\u0130D\u0130 SERG\u0130LER\u0130 23. YILINDA!<\/strong><\/p>\n<p>Cumhuriyetimizin 101. y\u0131l\u0131na gururla ad\u0131m att\u0131\u011f\u0131m\u0131z bu g\u00fcnlerde, T\u00fcrkiye\u2019nin en k\u00f6kl\u00fc sanat etkinliklerinden biri olan Ekim Ge\u00e7idi Sergileri, 23. y\u0131l\u0131n\u0131 kutluyor. 15-22 Ekim 2024 tarihleri aras\u0131nda Bursa Devlet G\u00fczel Sanatlar Galerisi\u2019nde sanatseverlerle bulu\u015facak olan bu \u00f6zel sergi, farkl\u0131 disiplinlerden sanat\u00e7\u0131lar\u0131 bir araya getirerek, sanat\u0131 ve Cumhuriyet\u2019in de\u011ferlerini bir arada ya\u015fatmay\u0131 hedefliyor. Sizleri de bu e\u015fsiz sanat \u015f\u00f6lenine kat\u0131lmaya davet ediyoruz.<\/p>\n<p><strong>Projenin Sahibi, G\u00fcls\u00fcn Erbil\u2019in Mesaj\u0131:<\/strong><\/p>\n<p>Cumhuriyetimizin 101. y\u0131l\u0131n\u0131 kutlad\u0131\u011f\u0131m\u0131z bu anlaml\u0131 g\u00fcnlerde, Ekim Ge\u00e7idi sergilerinin 23. y\u0131l\u0131na ula\u015fm\u0131\u015f olman\u0131n gururunu ta\u015f\u0131yoruz. T\u00fcrkiye Cumhuriyeti, 29 Ekim 1923\u2019te kazan\u0131lan b\u00fcy\u00fck bir m\u00fccadelenin sonucu olarak do\u011fmu\u015f ve sanat, bu Cumhuriyetin en de\u011ferli kazan\u0131mlar\u0131ndan biri olmu\u015ftur. Sanat\u00e7\u0131lar olarak yarat\u0131c\u0131 \u00f6zg\u00fcrl\u00fc\u011f\u00fcm\u00fcz\u00fc Cumhuriyet\u2019e ve onun kurucusu Gazi Mustafa Kemal Atat\u00fcrk\u2019e bor\u00e7luyuz.<\/p>\n<p>Ekim Ge\u00e7idi sergileri, \u00e7a\u011fda\u015f sanat\u0131n g\u00fcc\u00fcn\u00fc ve Cumhuriyet\u2019in ayd\u0131nlanma miras\u0131n\u0131 yans\u0131tmay\u0131 ama\u00e7layan bir platform olarak, her y\u0131l \u00e7ok say\u0131da sanat\u00e7\u0131n\u0131n \u00f6zg\u00fcn eserlerini halkla bulu\u015fturuyor. Resimden heykele, seramikten video ve performans sanatlar\u0131na kadar geni\u015f bir yelpazede disiplinler aras\u0131 bu sergi, sanatseverlere her ku\u015faktan sanat\u00e7\u0131n\u0131n eserlerini g\u00f6rme f\u0131rsat\u0131 sunuyor.<\/p>\n<p>D\u00fcnya tarihinin ilk anti-emperyalist zaferlerinden biri olan Kurtulu\u015f Sava\u015f\u0131\u2019n\u0131n ard\u0131ndan kurulan Cumhuriyet, \u00f6zg\u00fcr sanat anlay\u0131\u015f\u0131n\u0131n temelini atm\u0131\u015ft\u0131r. Bug\u00fcn sanat\u00e7\u0131lar olarak \u00f6zg\u00fcn eserler \u00fcretebiliyorsak, bu Atat\u00fcrk\u2019\u00fcn a\u00e7t\u0131\u011f\u0131 yolda ilerlememiz sayesindedir. \u00c7a\u011fda\u015f sanat\u0131n, toplumun ilerlemesinde ve ayd\u0131nlanmas\u0131nda ne kadar \u00f6nemli bir rol oynad\u0131\u011f\u0131n\u0131 bir kez daha vurgulamak istiyorum.<\/p>\n<p>Cumhuriyet\u2019in 101. y\u0131l\u0131n\u0131 onurla kutlarken, 23 y\u0131l boyunca 30\u2019dan fazla ilde ve il\u00e7ede d\u00fczenlenen Ekim Ge\u00e7idi sergilerinin, toplumumuzu ayd\u0131nlatan bir \u0131\u015f\u0131k olmay\u0131 s\u00fcrd\u00fcrece\u011fine inanc\u0131m tam. T\u00fcrkiye\u2019nin her k\u00f6\u015fesinde sanat\u0131n yayg\u0131nla\u015fmas\u0131, bu sergilerin en b\u00fcy\u00fck ama\u00e7lar\u0131ndan biridir. Bir g\u00fcn Atat\u00fcrk ve Ekim Ge\u00e7idi M\u00fczesi\u2019nin de hayata ge\u00e7irilmesi ve bu m\u00fczenin sanatla ta\u00e7land\u0131r\u0131lmas\u0131 hayalimdir.<\/p>\n<p>Bursa aya\u011f\u0131n\u0131 sanat\u00e7\u0131 <strong>Ayfer Demircio\u011flu<\/strong>&#8216;nun organize etti\u011fi bu anlaml\u0131 etkinlik 15-22 Ekim 2024 tarihleri aras\u0131nda Bursa Devlet G\u00fczel Sanatlar Galerisi\u2019nde ziyaret edilebilir. T\u00fcm sanatseverleri bu \u00f6zel etkinlikte bizlerle birlikte olmaya davet ediyoruz.<\/p>\n<p><strong>Sergi Detaylar\u0131:<\/strong><\/p>\n<ul>\n<li><strong>Tarih:<\/strong> 15- 22 Eyl\u00fcl 2024<\/li>\n<li><strong>Yer:<\/strong> Devlet G\u00fczel Sanatlar Galerisi, Bursa<\/li>\n<li><strong>A\u00e7\u0131l\u0131\u015f:<\/strong> 15 Eyl\u00fcl 2024 Sal\u0131 Saat 18:00<\/li>\n<li><strong>Giri\u015f:<\/strong> \u00dccretsiz<\/li>\n<\/ul>\n<p>Daha fazla bilgi i\u00e7in:<br \/>\n\u0130leti\u015fim: <strong>Ayfer Demircio\u011flu<\/strong><br \/>\nE-posta: naimeayferyilmaz@hotmail.com<br \/>\nTelefon: +90 535 929 53 37<\/p>\n<p>www.<strong>ekimgecidibursa<\/strong>.com<\/p>\n<p>instagram : @ekim<strong>gecidi<\/strong>bursa<\/p>\n<p>&#8230;.<\/p>\n<p><strong>KATILIMCI SANAT\u00c7ILAR: <\/strong><\/p>\n<p><strong>AHMET \u00d6ZOL <\/strong>AK\u0130FE DEKEL\u0130 <strong>ARZU KARAYEL <\/strong>AYFER DEM\u0130RC\u0130O\u011eLU <strong>AY\u015eE CANAN OGAN <\/strong>AY\u015eE YURDALAN <strong>AY\u015eEG\u00dcL ARCAN <\/strong>BAHR\u0130 GEN\u00c7 <strong>BASR\u0130 ERDEM <\/strong>BELKIS \u015eENO\u011eULLARI <strong>BENAN \u00c7OKOKUMU\u015e <\/strong>BERR\u0130N BUZCULAR YILMAZ <strong>B\u0130RG\u00dcL \u00d6Z\u00c7EL\u0130KC\u0130 TA\u015e\u00d6REN <\/strong>B\u00dc\u015eRA B\u0130REL <strong>CENG\u0130Z U\u011eUR <\/strong>CEYLAN MUTLU <strong>\u00c7\u0130LER BELEN <\/strong>DAR\u0130A SHCHERBA <strong>D\u0130LEK AYDEM\u0130R <\/strong>ECE ERG\u00dcZEL <strong>EDA \u00c7I\u011eIRLI <\/strong>EMEL UZUNER <strong>EVR\u0130M SIRMALI <\/strong>FA\u0130K AGAYEV <strong>FAT\u0130H BALCI <\/strong>FATO\u015e \u00c7ELEB\u0130 KALPAK <strong>FEH\u0130M HUSKOV\u0130C <\/strong>F\u0130GEN G\u00dcRSOY <strong>G\u00dcLSER AKTAN <\/strong>G\u00dcLS\u00dcN ERB\u0130L <strong>HAKAN ARIKAN <\/strong>HAL\u0130M \u00c7EL\u0130KER <strong>H\u00dcDANUR YILMAZ <\/strong>H\u00dcSEY\u0130N R\u00dcSTEMO\u011eLU <strong>ILDAR AHMETVAL\u0130EV <\/strong>KAMER BATIO\u011eLU <strong>KEMAL TOP\u00c7U <\/strong>MAHMUT ERZ\u0130NCAN <strong>MEHMET EM\u0130N KAYSER\u0130L\u0130 <\/strong>MEMDUHA SATIR KAYSER\u0130L\u0130 <strong>MURAT A\u011e\u00c7\u0130\u00c7EK <\/strong>MURAT PAZARCIK <strong>MUSTAFA BULAT <\/strong>M\u00dcGE CAFERO\u011eLU <strong>NER\u0130MAN OYMAN <\/strong>N\u0130LG\u00dcN \u015eENER <strong>ONUR AYANG\u0130L <\/strong>ORHAN CEBRA\u0130LO\u011eLU <strong>\u00d6ZLEM CAYMAZ BA\u015eK\u00d6Y <\/strong>RAZ\u0130YE KUZUCUO\u011eLU <strong>SABAHATT\u0130N \u015eEN <\/strong>SA\u0130M USLU <strong>SEDAT KUMOVA <\/strong>SELMA KARAAHMET BALCI <strong>SVETOZAR CH\u0130L\u0130NG\u0130ROV <\/strong>\u015eABAN OKAN <strong>\u015eEBNEM ALTUNTA\u015e <\/strong>TOLGA \u015eENOL <strong>\u00dcMRAN \u00d6ZBALCI AR\u0130A <\/strong>ZEHRA BA\u015eE\u011eMEZ <strong>ZEL\u0130HA SEZG\u0130N <\/strong>ZEYNEP SEL\u0130MO\u011eLU TORUN<\/p>\n","protected":false},"excerpt":{"rendered":"[ngg src=\"galleries\" ids=\"6\" display=\"basic_thumbnail\" override_thumbnail_settings=\"1\" thumbnail_height=\"240\" thumbnail_crop=\"0\" images_per_page=\"200\"]\n<p>CUMHUR\u0130YET\u0130N 101.YILI<\/p>\n<h1>EK\u0130M GE\u00c7\u0130D\u0130 BURSA<\/h1>\n<p><strong>23.YIL D\u0130S\u0130PL\u0130NLER ARASI SERG\u0130&#8230;<\/p>\n","protected":false},"author":1,"featured_media":0,"parent":0,"menu_order":0,"comment_status":"closed","ping_status":"closed","template":"","meta":{"ngg_post_thumbnail":0,"footnotes":""},"class_list":["post-1072","page","type-page","status-publish"],"yoast_head":"<!-- This site is optimized with the Yoast SEO plugin v27.4 - https:\/\/yoast.com\/product\/yoast-seo-wordpress\/ -->\n<title>Bursa 2024 - Ekim Ge&ccedil;idi BURSA<\/title>\n<meta name=\"description\" content=\"Cumhuriyetimizin 101. y\u0131l\u0131nda Ekim Ge\u00e7idi Sergileri 23. Y\u0131l\u0131n\u0131 Kutluyor!\" \/>\n<meta name=\"robots\" content=\"index, follow, max-snippet:-1, max-image-preview:large, max-video-preview:-1\" \/>\n<link rel=\"canonical\" href=\"http:\/\/www.ekimgecidibursa.com\/\" \/>\n<meta property=\"og:locale\" content=\"tr_TR\" \/>\n<meta property=\"og:type\" content=\"article\" \/>\n<meta property=\"og:title\" content=\"Bursa 2024 - Ekim Ge&ccedil;idi BURSA\" \/>\n<meta property=\"og:description\" content=\"Cumhuriyetimizin 101. y\u0131l\u0131nda Ekim Ge\u00e7idi Sergileri 23. Y\u0131l\u0131n\u0131 Kutluyor!\" \/>\n<meta property=\"og:url\" content=\"http:\/\/www.ekimgecidibursa.com\/\" \/>\n<meta property=\"og:site_name\" content=\"Ekim Ge&ccedil;idi BURSA\" \/>\n<meta property=\"article:modified_time\" content=\"2024-10-18T12:45:43+00:00\" \/>\n<meta property=\"og:image\" content=\"http:\/\/www.ekimgecidibursa.com\/wp-content\/uploads\/2024\/10\/EG_23_BURSA_2024_ADSK_01.png\" \/>\n\t<meta property=\"og:image:width\" content=\"960\" \/>\n\t<meta property=\"og:image:height\" content=\"960\" \/>\n\t<meta property=\"og:image:type\" content=\"image\/png\" \/>\n<meta name=\"twitter:card\" content=\"summary_large_image\" \/>\n<meta name=\"twitter:label1\" content=\"Tahmini okuma s\u00fcresi\" \/>\n\t<meta name=\"twitter:data1\" content=\"4 dakika\" \/>\n<script type=\"application\/ld+json\" class=\"yoast-schema-graph\">{\"@context\":\"https:\\\/\\\/schema.org\",\"@graph\":[{\"@type\":\"WebPage\",\"@id\":\"http:\\\/\\\/www.ekimgecidibursa.com\\\/\",\"url\":\"http:\\\/\\\/www.ekimgecidibursa.com\\\/\",\"name\":\"Bursa 2024 - Ekim Ge&ccedil;idi BURSA\",\"isPartOf\":{\"@id\":\"http:\\\/\\\/www.ekimgecidibursa.com\\\/#website\"},\"datePublished\":\"2024-10-18T09:31:58+00:00\",\"dateModified\":\"2024-10-18T12:45:43+00:00\",\"description\":\"Cumhuriyetimizin 101. y\u0131l\u0131nda Ekim Ge\u00e7idi Sergileri 23. Y\u0131l\u0131n\u0131 Kutluyor!\",\"breadcrumb\":{\"@id\":\"http:\\\/\\\/www.ekimgecidibursa.com\\\/#breadcrumb\"},\"inLanguage\":\"tr\",\"potentialAction\":[{\"@type\":\"ReadAction\",\"target\":[\"http:\\\/\\\/www.ekimgecidibursa.com\\\/\"]}]},{\"@type\":\"BreadcrumbList\",\"@id\":\"http:\\\/\\\/www.ekimgecidibursa.com\\\/#breadcrumb\",\"itemListElement\":[{\"@type\":\"ListItem\",\"position\":1,\"name\":\"Ana sayfa\",\"item\":\"http:\\\/\\\/www.ekimgecidibursa.com\\\/\"},{\"@type\":\"ListItem\",\"position\":2,\"name\":\"Bursa 2024\"}]},{\"@type\":\"WebSite\",\"@id\":\"http:\\\/\\\/www.ekimgecidibursa.com\\\/#website\",\"url\":\"http:\\\/\\\/www.ekimgecidibursa.com\\\/\",\"name\":\"Ekim Ge\u00e7idi Bursa\",\"description\":\"Disiplinler Aras\u0131 Karma Sergi -Proje: G&uuml;ls&uuml;n ERB\u0130L, Organizat&ouml;r: Ayfer DEM\u0130RC\u0130O\u011eLU Tasar\u0131m: Sedat KUMOVA\",\"publisher\":{\"@id\":\"http:\\\/\\\/www.ekimgecidibursa.com\\\/#organization\"},\"potentialAction\":[{\"@type\":\"SearchAction\",\"target\":{\"@type\":\"EntryPoint\",\"urlTemplate\":\"http:\\\/\\\/www.ekimgecidibursa.com\\\/?s={search_term_string}\"},\"query-input\":{\"@type\":\"PropertyValueSpecification\",\"valueRequired\":true,\"valueName\":\"search_term_string\"}}],\"inLanguage\":\"tr\"},{\"@type\":\"Organization\",\"@id\":\"http:\\\/\\\/www.ekimgecidibursa.com\\\/#organization\",\"name\":\"Ekim Ge\u00e7idi Bursa\",\"url\":\"http:\\\/\\\/www.ekimgecidibursa.com\\\/\",\"logo\":{\"@type\":\"ImageObject\",\"inLanguage\":\"tr\",\"@id\":\"http:\\\/\\\/www.ekimgecidibursa.com\\\/#\\\/schema\\\/logo\\\/image\\\/\",\"url\":\"http:\\\/\\\/www.ekimgecidibursa.com\\\/wp-content\\\/uploads\\\/2020\\\/10\\\/cropped-EKIM_GECIDI_LOGO_512p.png\",\"contentUrl\":\"http:\\\/\\\/www.ekimgecidibursa.com\\\/wp-content\\\/uploads\\\/2020\\\/10\\\/cropped-EKIM_GECIDI_LOGO_512p.png\",\"width\":512,\"height\":512,\"caption\":\"Ekim Ge\u00e7idi Bursa\"},\"image\":{\"@id\":\"http:\\\/\\\/www.ekimgecidibursa.com\\\/#\\\/schema\\\/logo\\\/image\\\/\"},\"sameAs\":[\"https:\\\/\\\/instagram.com\\\/bursa2021.ekimgecidi\"]}]}<\/script>\n<!-- \/ Yoast SEO plugin. -->","yoast_head_json":{"title":"Bursa 2024 - Ekim Ge&ccedil;idi BURSA","description":"Cumhuriyetimizin 101. y\u0131l\u0131nda Ekim Ge\u00e7idi Sergileri 23. Y\u0131l\u0131n\u0131 Kutluyor!","robots":{"index":"index","follow":"follow","max-snippet":"max-snippet:-1","max-image-preview":"max-image-preview:large","max-video-preview":"max-video-preview:-1"},"canonical":"http:\/\/www.ekimgecidibursa.com\/","og_locale":"tr_TR","og_type":"article","og_title":"Bursa 2024 - Ekim Ge&ccedil;idi BURSA","og_description":"Cumhuriyetimizin 101. y\u0131l\u0131nda Ekim Ge\u00e7idi Sergileri 23. Y\u0131l\u0131n\u0131 Kutluyor!","og_url":"http:\/\/www.ekimgecidibursa.com\/","og_site_name":"Ekim Ge&ccedil;idi BURSA","article_modified_time":"2024-10-18T12:45:43+00:00","og_image":[{"width":960,"height":960,"url":"http:\/\/www.ekimgecidibursa.com\/wp-content\/uploads\/2024\/10\/EG_23_BURSA_2024_ADSK_01.png","type":"image\/png"}],"twitter_card":"summary_large_image","twitter_misc":{"Tahmini okuma s\u00fcresi":"4 dakika"},"schema":{"@context":"https:\/\/schema.org","@graph":[{"@type":"WebPage","@id":"http:\/\/www.ekimgecidibursa.com\/","url":"http:\/\/www.ekimgecidibursa.com\/","name":"Bursa 2024 - Ekim Ge&ccedil;idi BURSA","isPartOf":{"@id":"http:\/\/www.ekimgecidibursa.com\/#website"},"datePublished":"2024-10-18T09:31:58+00:00","dateModified":"2024-10-18T12:45:43+00:00","description":"Cumhuriyetimizin 101. y\u0131l\u0131nda Ekim Ge\u00e7idi Sergileri 23. Y\u0131l\u0131n\u0131 Kutluyor!","breadcrumb":{"@id":"http:\/\/www.ekimgecidibursa.com\/#breadcrumb"},"inLanguage":"tr","potentialAction":[{"@type":"ReadAction","target":["http:\/\/www.ekimgecidibursa.com\/"]}]},{"@type":"BreadcrumbList","@id":"http:\/\/www.ekimgecidibursa.com\/#breadcrumb","itemListElement":[{"@type":"ListItem","position":1,"name":"Ana sayfa","item":"http:\/\/www.ekimgecidibursa.com\/"},{"@type":"ListItem","position":2,"name":"Bursa 2024"}]},{"@type":"WebSite","@id":"http:\/\/www.ekimgecidibursa.com\/#website","url":"http:\/\/www.ekimgecidibursa.com\/","name":"Ekim Ge\u00e7idi Bursa","description":"Disiplinler Aras\u0131 Karma Sergi -Proje: G&uuml;ls&uuml;n ERB\u0130L, Organizat&ouml;r: Ayfer DEM\u0130RC\u0130O\u011eLU Tasar\u0131m: Sedat KUMOVA","publisher":{"@id":"http:\/\/www.ekimgecidibursa.com\/#organization"},"potentialAction":[{"@type":"SearchAction","target":{"@type":"EntryPoint","urlTemplate":"http:\/\/www.ekimgecidibursa.com\/?s={search_term_string}"},"query-input":{"@type":"PropertyValueSpecification","valueRequired":true,"valueName":"search_term_string"}}],"inLanguage":"tr"},{"@type":"Organization","@id":"http:\/\/www.ekimgecidibursa.com\/#organization","name":"Ekim Ge\u00e7idi Bursa","url":"http:\/\/www.ekimgecidibursa.com\/","logo":{"@type":"ImageObject","inLanguage":"tr","@id":"http:\/\/www.ekimgecidibursa.com\/#\/schema\/logo\/image\/","url":"http:\/\/www.ekimgecidibursa.com\/wp-content\/uploads\/2020\/10\/cropped-EKIM_GECIDI_LOGO_512p.png","contentUrl":"http:\/\/www.ekimgecidibursa.com\/wp-content\/uploads\/2020\/10\/cropped-EKIM_GECIDI_LOGO_512p.png","width":512,"height":512,"caption":"Ekim Ge\u00e7idi Bursa"},"image":{"@id":"http:\/\/www.ekimgecidibursa.com\/#\/schema\/logo\/image\/"},"sameAs":["https:\/\/instagram.com\/bursa2021.ekimgecidi"]}]}},"_links":{"self":[{"href":"https:\/\/www.ekimgecidibursa.com\/index.php\/wp-json\/wp\/v2\/pages\/1072","targetHints":{"allow":["GET"]}}],"collection":[{"href":"https:\/\/www.ekimgecidibursa.com\/index.php\/wp-json\/wp\/v2\/pages"}],"about":[{"href":"https:\/\/www.ekimgecidibursa.com\/index.php\/wp-json\/wp\/v2\/types\/page"}],"author":[{"embeddable":true,"href":"https:\/\/www.ekimgecidibursa.com\/index.php\/wp-json\/wp\/v2\/users\/1"}],"replies":[{"embeddable":true,"href":"https:\/\/www.ekimgecidibursa.com\/index.php\/wp-json\/wp\/v2\/comments?post=1072"}],"version-history":[{"count":8,"href":"https:\/\/www.ekimgecidibursa.com\/index.php\/wp-json\/wp\/v2\/pages\/1072\/revisions"}],"predecessor-version":[{"id":1172,"href":"https:\/\/www.ekimgecidibursa.com\/index.php\/wp-json\/wp\/v2\/pages\/1072\/revisions\/1172"}],"wp:attachment":[{"href":"https:\/\/www.ekimgecidibursa.com\/index.php\/wp-json\/wp\/v2\/media?parent=1072"}],"curies":[{"name":"wp","href":"https:\/\/api.w.org\/{rel}","templated":true}]}}